 {"id":7495,"date":"2015-09-02T17:30:54","date_gmt":"2015-09-02T17:30:54","guid":{"rendered":"http:\/\/europeantissue.com\/?page_id=7495"},"modified":"2022-12-05T12:00:15","modified_gmt":"2022-12-05T12:00:15","slug":"declaracion-consensual-on-hygienic-hand-drying-2","status":"publish","type":"page","link":"https:\/\/europeantissue.com\/es\/higiene\/declaracion-consensual-on-hygienic-hand-drying-2\/","title":{"rendered":"Declaraci\u00f3n de Consenso &#8211; Secarse las manos: Una parte importante de la higiene"},"content":{"rendered":"<h2>Declaraci\u00f3n de Consenso de un Grupo de Expertos sobre el Secado Higienico de las Manos<\/h2>\n<p>El European Tissue Symposium ha patrocinado paneles cient\u00edficos sobre el secado higi\u00e9nico de las manos con los microbi\u00f3logos eminentes e higienistas de hospitales de toda Europa en la Universidad Cat\u00f3lica de Lovaina, el 20 de marzo de 2013, el 11 de junio de 2014, el 14 de abril de 2015, el 29 enero 2020 y <span style=\"color: #0000ff;\"><strong>el 11 octubre 2022<\/strong><\/span>).<\/p>\n<p>Se pidi\u00f3 a los panelistas que revisaran la ciencia en el secado de las manos y el rendimiento higi\u00e9nico de los dispositivos de secado de manos, tales como toallas de papel, toallas textiles y secadores electricos, y que hicieran recomendaciones para la investigaci\u00f3n cient\u00edfica futura y la pol\u00edtica p\u00fablica.&nbsp;<\/p>\n<p class=\"p1\">Sobre la base de una amplia <a href=\"https:\/\/europeantissue.com\/hygiene\/consensus-statement-on-hygienic-hand-drying\/scientific-literature-on-hygienic-hand-drying\/\">literatura cient\u00edfica<\/a> sobre Higiene del secado de las manos, este Grupo de Seis cient\u00edficos europeos alcanz\u00f3 un documento de consenso que&nbsp;usted puede encontrar aqu\u00ed:<a href=\"https:\/\/europeantissue.com\/es\/higiene\/declaracion-consensual-on-hygienic-hand-drying-2\/declaracion-de-consenso-de-un-grupo-de-expertos-2\/\"><strong>&nbsp;Declaraci\u00f3n de Consenso<\/strong><\/a><\/p>\n<p class=\"p1\"><strong>Autores: <a href=\"https:\/\/europeantissue.com\/es\/higiene\/declaracion-consensual-on-hygienic-hand-drying\/declaracion-de-consenso-de-un-grupo-de-expertos\/\"><img decoding=\"async\" class=\"size-medium wp-image-8452 alignright\" src=\"http:\/\/europeantissue.com\/wp-content\/uploads\/2015\/09\/Consensus-Statement-Image-ES-300x249.jpg\" alt=\"Consensus Statement Image ES\" width=\"300\" height=\"249\" srcset=\"https:\/\/europeantissue.com\/wp-content\/uploads\/2015\/09\/Consensus-Statement-Image-ES-300x249.jpg 300w, https:\/\/europeantissue.com\/wp-content\/uploads\/2015\/09\/Consensus-Statement-Image-ES.jpg 370w\" sizes=\"(max-width: 300px) 100vw, 300px\" \/><\/a><br \/>\nProfesor Marc Van Ranst, 2013 &#8211; presente hoy<br \/>\n<\/strong><strong>Profesor Mark Wilcox, 2013 &#8211; presente hoy<br \/>\nProfesor Fr\u00e9d\u00e9ric Barbut, 2015 &#8211; presente hoy<br \/>\nDr. Angel Asensio, 2013 &#8211; presente hoy<br \/>\nProfesor Silvio Brusaferro, 2013 &#8211; fin 2018<br \/>\nEmeritus Fellow Keith Redway, 2013 &#8211; presente hoy<br \/>\nProfesor Bertil Kaijser&nbsp; 2013 &#8211; 2015<br \/>\nDr Ralf Kammerer 2013 &#8211; 2015<br \/>\n<\/strong><strong>Prof. Dr. med. Prof. h. c. (MNG) &nbsp;Walter Popp, 2020 \u2013 presente<br \/>\n<\/strong><\/p>\n<p class=\"p1\">&nbsp;<\/p>\n","protected":false},"excerpt":{"rendered":"<p>Declaraci\u00f3n de Consenso de un Grupo de Expertos sobre el Secado Higienico de las Manos El European Tissue Symposium ha patrocinado paneles cient\u00edficos sobre el secado higi\u00e9nico de las manos con los microbi\u00f3logos eminentes e higienistas de hospitales de toda Europa en la Universidad Cat\u00f3lica de Lovaina, el 20 de marzo de 2013, el 11  [&#8230;]<\/p>\n","protected":false},"author":2,"featured_media":0,"parent":7442,"menu_order":1,"comment_status":"open","ping_status":"closed","template":"","meta":{"_monsterinsights_skip_tracking":false,"ngg_post_thumbnail":0,"footnotes":""},"class_list":["post-7495","page","type-page","status-publish","hentry"],"yoast_head":"<!-- This site is optimized with the Yoast SEO plugin v26.3 - https:\/\/yoast.com\/wordpress\/plugins\/seo\/ -->\n<title>Declaraci\u00f3n de Consenso de un Grupo de Expertos sobre el Secado Higienico de las Manos<\/title>\n<meta name=\"description\" content=\"Declaraci\u00f3n de Consenso de un Grupo de Expertos sobre el Secado de las Manos. Microbi\u00f3logos eminentes\u00a0revisaron la ciencia en el secado de las manos\" \/>\n<meta name=\"robots\" content=\"index, follow, max-snippet:-1, max-image-preview:large, max-video-preview:-1\" \/>\n<link rel=\"canonical\" href=\"https:\/\/europeantissue.com\/es\/higiene\/declaracion-consensual-on-hygienic-hand-drying-2\/\" \/>\n<meta property=\"og:locale\" content=\"es_ES\" \/>\n<meta property=\"og:type\" content=\"article\" \/>\n<meta property=\"og:title\" content=\"Declaraci\u00f3n de Consenso de un Grupo de Expertos sobre el Secado Higienico de las Manos\" \/>\n<meta property=\"og:description\" content=\"Declaraci\u00f3n de Consenso de un Grupo de Expertos sobre el Secado de las Manos. Microbi\u00f3logos eminentes\u00a0revisaron la ciencia en el secado de las manos\" \/>\n<meta property=\"og:url\" content=\"https:\/\/europeantissue.com\/es\/higiene\/declaracion-consensual-on-hygienic-hand-drying-2\/\" \/>\n<meta property=\"og:site_name\" content=\"European Tissue Symposium\" \/>\n<meta property=\"article:modified_time\" content=\"2022-12-05T12:00:15+00:00\" \/>\n<meta property=\"og:image\" content=\"http:\/\/europeantissue.com\/wp-content\/uploads\/2015\/09\/Consensus-Statement-Image-ES-300x249.jpg\" \/>\n<meta name=\"twitter:card\" content=\"summary_large_image\" \/>\n<meta name=\"twitter:label1\" content=\"Tiempo de lectura\" \/>\n\t<meta name=\"twitter:data1\" content=\"2 minutos\" \/>\n<script type=\"application\/ld+json\" class=\"yoast-schema-graph\">{\"@context\":\"https:\/\/schema.org\",\"@graph\":[{\"@type\":\"WebPage\",\"@id\":\"https:\/\/europeantissue.com\/es\/higiene\/declaracion-consensual-on-hygienic-hand-drying-2\/\",\"url\":\"https:\/\/europeantissue.com\/es\/higiene\/declaracion-consensual-on-hygienic-hand-drying-2\/\",\"name\":\"Declaraci\u00f3n de Consenso de un Grupo de Expertos sobre el Secado Higienico de las Manos\",\"isPartOf\":{\"@id\":\"https:\/\/europeantissue.com\/de\/#website\"},\"primaryImageOfPage\":{\"@id\":\"https:\/\/europeantissue.com\/es\/higiene\/declaracion-consensual-on-hygienic-hand-drying-2\/#primaryimage\"},\"image\":{\"@id\":\"https:\/\/europeantissue.com\/es\/higiene\/declaracion-consensual-on-hygienic-hand-drying-2\/#primaryimage\"},\"thumbnailUrl\":\"http:\/\/europeantissue.com\/wp-content\/uploads\/2015\/09\/Consensus-Statement-Image-ES-300x249.jpg\",\"datePublished\":\"2015-09-02T17:30:54+00:00\",\"dateModified\":\"2022-12-05T12:00:15+00:00\",\"description\":\"Declaraci\u00f3n de Consenso de un Grupo de Expertos sobre el Secado de las Manos. Microbi\u00f3logos eminentes\u00a0revisaron la ciencia en el secado de las manos\",\"breadcrumb\":{\"@id\":\"https:\/\/europeantissue.com\/es\/higiene\/declaracion-consensual-on-hygienic-hand-drying-2\/#breadcrumb\"},\"inLanguage\":\"es\",\"potentialAction\":[{\"@type\":\"ReadAction\",\"target\":[\"https:\/\/europeantissue.com\/es\/higiene\/declaracion-consensual-on-hygienic-hand-drying-2\/\"]}]},{\"@type\":\"ImageObject\",\"inLanguage\":\"es\",\"@id\":\"https:\/\/europeantissue.com\/es\/higiene\/declaracion-consensual-on-hygienic-hand-drying-2\/#primaryimage\",\"url\":\"http:\/\/europeantissue.com\/wp-content\/uploads\/2015\/09\/Consensus-Statement-Image-ES-300x249.jpg\",\"contentUrl\":\"http:\/\/europeantissue.com\/wp-content\/uploads\/2015\/09\/Consensus-Statement-Image-ES-300x249.jpg\"},{\"@type\":\"BreadcrumbList\",\"@id\":\"https:\/\/europeantissue.com\/es\/higiene\/declaracion-consensual-on-hygienic-hand-drying-2\/#breadcrumb\",\"itemListElement\":[{\"@type\":\"ListItem\",\"position\":1,\"name\":\"Home\",\"item\":\"https:\/\/europeantissue.com\/es\/\"},{\"@type\":\"ListItem\",\"position\":2,\"name\":\"Higiene\",\"item\":\"https:\/\/europeantissue.com\/es\/higiene\/\"},{\"@type\":\"ListItem\",\"position\":3,\"name\":\"Declaraci\u00f3n de Consenso &#8211; Secarse las manos: Una parte importante de la higiene\"}]},{\"@type\":\"WebSite\",\"@id\":\"https:\/\/europeantissue.com\/de\/#website\",\"url\":\"https:\/\/europeantissue.com\/de\/\",\"name\":\"European Tissue Symposium\",\"description\":\"\",\"potentialAction\":[{\"@type\":\"SearchAction\",\"target\":{\"@type\":\"EntryPoint\",\"urlTemplate\":\"https:\/\/europeantissue.com\/de\/?s={search_term_string}\"},\"query-input\":{\"@type\":\"PropertyValueSpecification\",\"valueRequired\":true,\"valueName\":\"search_term_string\"}}],\"inLanguage\":\"es\"}]}<\/script>\n<!-- \/ Yoast SEO plugin. -->","yoast_head_json":{"title":"Declaraci\u00f3n de Consenso de un Grupo de Expertos sobre el Secado Higienico de las Manos","description":"Declaraci\u00f3n de Consenso de un Grupo de Expertos sobre el Secado de las Manos. Microbi\u00f3logos eminentes\u00a0revisaron la ciencia en el secado de las manos","robots":{"index":"index","follow":"follow","max-snippet":"max-snippet:-1","max-image-preview":"max-image-preview:large","max-video-preview":"max-video-preview:-1"},"canonical":"https:\/\/europeantissue.com\/es\/higiene\/declaracion-consensual-on-hygienic-hand-drying-2\/","og_locale":"es_ES","og_type":"article","og_title":"Declaraci\u00f3n de Consenso de un Grupo de Expertos sobre el Secado Higienico de las Manos","og_description":"Declaraci\u00f3n de Consenso de un Grupo de Expertos sobre el Secado de las Manos. Microbi\u00f3logos eminentes\u00a0revisaron la ciencia en el secado de las manos","og_url":"https:\/\/europeantissue.com\/es\/higiene\/declaracion-consensual-on-hygienic-hand-drying-2\/","og_site_name":"European Tissue Symposium","article_modified_time":"2022-12-05T12:00:15+00:00","og_image":[{"url":"http:\/\/europeantissue.com\/wp-content\/uploads\/2015\/09\/Consensus-Statement-Image-ES-300x249.jpg","type":"","width":"","height":""}],"twitter_card":"summary_large_image","twitter_misc":{"Tiempo de lectura":"2 minutos"},"schema":{"@context":"https:\/\/schema.org","@graph":[{"@type":"WebPage","@id":"https:\/\/europeantissue.com\/es\/higiene\/declaracion-consensual-on-hygienic-hand-drying-2\/","url":"https:\/\/europeantissue.com\/es\/higiene\/declaracion-consensual-on-hygienic-hand-drying-2\/","name":"Declaraci\u00f3n de Consenso de un Grupo de Expertos sobre el Secado Higienico de las Manos","isPartOf":{"@id":"https:\/\/europeantissue.com\/de\/#website"},"primaryImageOfPage":{"@id":"https:\/\/europeantissue.com\/es\/higiene\/declaracion-consensual-on-hygienic-hand-drying-2\/#primaryimage"},"image":{"@id":"https:\/\/europeantissue.com\/es\/higiene\/declaracion-consensual-on-hygienic-hand-drying-2\/#primaryimage"},"thumbnailUrl":"http:\/\/europeantissue.com\/wp-content\/uploads\/2015\/09\/Consensus-Statement-Image-ES-300x249.jpg","datePublished":"2015-09-02T17:30:54+00:00","dateModified":"2022-12-05T12:00:15+00:00","description":"Declaraci\u00f3n de Consenso de un Grupo de Expertos sobre el Secado de las Manos. Microbi\u00f3logos eminentes\u00a0revisaron la ciencia en el secado de las manos","breadcrumb":{"@id":"https:\/\/europeantissue.com\/es\/higiene\/declaracion-consensual-on-hygienic-hand-drying-2\/#breadcrumb"},"inLanguage":"es","potentialAction":[{"@type":"ReadAction","target":["https:\/\/europeantissue.com\/es\/higiene\/declaracion-consensual-on-hygienic-hand-drying-2\/"]}]},{"@type":"ImageObject","inLanguage":"es","@id":"https:\/\/europeantissue.com\/es\/higiene\/declaracion-consensual-on-hygienic-hand-drying-2\/#primaryimage","url":"http:\/\/europeantissue.com\/wp-content\/uploads\/2015\/09\/Consensus-Statement-Image-ES-300x249.jpg","contentUrl":"http:\/\/europeantissue.com\/wp-content\/uploads\/2015\/09\/Consensus-Statement-Image-ES-300x249.jpg"},{"@type":"BreadcrumbList","@id":"https:\/\/europeantissue.com\/es\/higiene\/declaracion-consensual-on-hygienic-hand-drying-2\/#breadcrumb","itemListElement":[{"@type":"ListItem","position":1,"name":"Home","item":"https:\/\/europeantissue.com\/es\/"},{"@type":"ListItem","position":2,"name":"Higiene","item":"https:\/\/europeantissue.com\/es\/higiene\/"},{"@type":"ListItem","position":3,"name":"Declaraci\u00f3n de Consenso &#8211; Secarse las manos: Una parte importante de la higiene"}]},{"@type":"WebSite","@id":"https:\/\/europeantissue.com\/de\/#website","url":"https:\/\/europeantissue.com\/de\/","name":"European Tissue Symposium","description":"","potentialAction":[{"@type":"SearchAction","target":{"@type":"EntryPoint","urlTemplate":"https:\/\/europeantissue.com\/de\/?s={search_term_string}"},"query-input":{"@type":"PropertyValueSpecification","valueRequired":true,"valueName":"search_term_string"}}],"inLanguage":"es"}]}},"_links":{"self":[{"href":"https:\/\/europeantissue.com\/es\/wp-json\/wp\/v2\/pages\/7495","targetHints":{"allow":["GET"]}}],"collection":[{"href":"https:\/\/europeantissue.com\/es\/wp-json\/wp\/v2\/pages"}],"about":[{"href":"https:\/\/europeantissue.com\/es\/wp-json\/wp\/v2\/types\/page"}],"author":[{"embeddable":true,"href":"https:\/\/europeantissue.com\/es\/wp-json\/wp\/v2\/users\/2"}],"replies":[{"embeddable":true,"href":"https:\/\/europeantissue.com\/es\/wp-json\/wp\/v2\/comments?post=7495"}],"version-history":[{"count":0,"href":"https:\/\/europeantissue.com\/es\/wp-json\/wp\/v2\/pages\/7495\/revisions"}],"up":[{"embeddable":true,"href":"https:\/\/europeantissue.com\/es\/wp-json\/wp\/v2\/pages\/7442"}],"wp:attachment":[{"href":"https:\/\/europeantissue.com\/es\/wp-json\/wp\/v2\/media?parent=7495"}],"curies":[{"name":"wp","href":"https:\/\/api.w.org\/{rel}","templated":true}]}}

Declaración de Consenso &#8211; Secarse las manos: Una parte importante de la higiene

<h2>Declaración de Consenso de un Grupo de Expertos sobre el Secado Higienico de las Manos</h2>
<p>El European Tissue Symposium ha patrocinado paneles científicos sobre el secado higiénico de las manos con los microbiólogos eminentes e higienistas de hospitales de toda Europa en la Universidad Católica de Lovaina, el 20 de marzo de 2013, el 11 de junio de 2014, el 14 de abril de 2015, el 29 enero 2020 y <span style="color: #0000ff;"><strong>el 11 octubre 2022</strong></span>).</p>
<p>Se pidió a los panelistas que revisaran la ciencia en el secado de las manos y el rendimiento higiénico de los dispositivos de secado de manos, tales como toallas de papel, toallas textiles y secadores electricos, y que hicieran recomendaciones para la investigación científica futura y la política pública.&nbsp;</p>
<p class="p1">Sobre la base de una amplia <a href="https://europeantissue.com/hygiene/consensus-statement-on-hygienic-hand-drying/scientific-literature-on-hygienic-hand-drying/">literatura científica</a> sobre Higiene del secado de las manos, este Grupo de Seis científicos europeos alcanzó un documento de consenso que&nbsp;usted puede encontrar aquí:<a href="https://europeantissue.com/es/higiene/declaracion-consensual-on-hygienic-hand-drying-2/declaracion-de-consenso-de-un-grupo-de-expertos-2/"><strong>&nbsp;Declaración de Consenso</strong></a></p>
<p class="p1"><strong>Autores: <a href="https://europeantissue.com/es/higiene/declaracion-consensual-on-hygienic-hand-drying/declaracion-de-consenso-de-un-grupo-de-expertos/"><img decoding="async" class="size-medium wp-image-8452 alignright" src="http://europeantissue.com/wp-content/uploads/2015/09/Consensus-Statement-Image-ES-300x249.jpg" alt="Consensus Statement Image ES" width="300" height="249" srcset="https://europeantissue.com/wp-content/uploads/2015/09/Consensus-Statement-Image-ES-300x249.jpg 300w, https://europeantissue.com/wp-content/uploads/2015/09/Consensus-Statement-Image-ES.jpg 370w" sizes="(max-width: 300px) 100vw, 300px" /></a><br />
Profesor Marc Van Ranst, 2013 &#8211; presente hoy<br />
</strong><strong>Profesor Mark Wilcox, 2013 &#8211; presente hoy<br />
Profesor Frédéric Barbut, 2015 &#8211; presente hoy<br />
Dr. Angel Asensio, 2013 &#8211; presente hoy<br />
Profesor Silvio Brusaferro, 2013 &#8211; fin 2018<br />
Emeritus Fellow Keith Redway, 2013 &#8211; presente hoy<br />
Profesor Bertil Kaijser&nbsp; 2013 &#8211; 2015<br />
Dr Ralf Kammerer 2013 &#8211; 2015<br />
</strong><strong>Prof. Dr. med. Prof. h. c. (MNG) &nbsp;Walter Popp, 2020 – presente<br />
</strong></p>
<p class="p1">&nbsp;</p>

<p>Declaración de Consenso de un Grupo de Expertos sobre el Secado Higienico de las Manos El European Tissue Symposium ha patrocinado paneles científicos sobre el secado higiénico de las manos con los microbiólogos eminentes e higienistas de hospitales de toda Europa en la Universidad Católica de Lovaina, el 20 de marzo de 2013, el 11  [&#8230;]</p>

<!-- This site is optimized with the Yoast SEO plugin v26.3 - https://yoast.com/wordpress/plugins/seo/ -->
<title>Declaración de Consenso de un Grupo de Expertos sobre el Secado Higienico de las Manos</title>
<meta name="description" content="Declaración de Consenso de un Grupo de Expertos sobre el Secado de las Manos. Microbiólogos eminentes revisaron la ciencia en el secado de las manos" />
<meta name="robots" content="index, follow, max-snippet:-1, max-image-preview:large, max-video-preview:-1" />
<link rel="canonical" href="https://europeantissue.com/es/higiene/declaracion-consensual-on-hygienic-hand-drying-2/" />
<meta property="og:locale" content="es_ES" />
<meta property="og:type" content="article" />
<meta property="og:title" content="Declaración de Consenso de un Grupo de Expertos sobre el Secado Higienico de las Manos" />
<meta property="og:description" content="Declaración de Consenso de un Grupo de Expertos sobre el Secado de las Manos. Microbiólogos eminentes revisaron la ciencia en el secado de las manos" />
<meta property="og:url" content="https://europeantissue.com/es/higiene/declaracion-consensual-on-hygienic-hand-drying-2/" />
<meta property="og:site_name" content="European Tissue Symposium" />
<meta property="article:modified_time" content="2022-12-05T12:00:15+00:00" />
<meta property="og:image" content="http://europeantissue.com/wp-content/uploads/2015/09/Consensus-Statement-Image-ES-300x249.jpg" />
<meta name="twitter:card" content="summary_large_image" />
<meta name="twitter:label1" content="Tiempo de lectura" />
	<meta name="twitter:data1" content="2 minutos" />
<script type="application/ld+json" class="yoast-schema-graph">{"@context":"https://schema.org","@graph":[{"@type":"WebPage","@id":"https://europeantissue.com/es/higiene/declaracion-consensual-on-hygienic-hand-drying-2/","url":"https://europeantissue.com/es/higiene/declaracion-consensual-on-hygienic-hand-drying-2/","name":"Declaración de Consenso de un Grupo de Expertos sobre el Secado Higienico de las Manos","isPartOf":{"@id":"https://europeantissue.com/de/#website"},"primaryImageOfPage":{"@id":"https://europeantissue.com/es/higiene/declaracion-consensual-on-hygienic-hand-drying-2/#primaryimage"},"image":{"@id":"https://europeantissue.com/es/higiene/declaracion-consensual-on-hygienic-hand-drying-2/#primaryimage"},"thumbnailUrl":"http://europeantissue.com/wp-content/uploads/2015/09/Consensus-Statement-Image-ES-300x249.jpg","datePublished":"2015-09-02T17:30:54+00:00","dateModified":"2022-12-05T12:00:15+00:00","description":"Declaración de Consenso de un Grupo de Expertos sobre el Secado de las Manos. Microbiólogos eminentes revisaron la ciencia en el secado de las manos","breadcrumb":{"@id":"https://europeantissue.com/es/higiene/declaracion-consensual-on-hygienic-hand-drying-2/#breadcrumb"},"inLanguage":"es","potentialAction":[{"@type":"ReadAction","target":["https://europeantissue.com/es/higiene/declaracion-consensual-on-hygienic-hand-drying-2/"]}]},{"@type":"ImageObject","inLanguage":"es","@id":"https://europeantissue.com/es/higiene/declaracion-consensual-on-hygienic-hand-drying-2/#primaryimage","url":"http://europeantissue.com/wp-content/uploads/2015/09/Consensus-Statement-Image-ES-300x249.jpg","contentUrl":"http://europeantissue.com/wp-content/uploads/2015/09/Consensus-Statement-Image-ES-300x249.jpg"},{"@type":"BreadcrumbList","@id":"https://europeantissue.com/es/higiene/declaracion-consensual-on-hygienic-hand-drying-2/#breadcrumb","itemListElement":[{"@type":"ListItem","position":1,"name":"Home","item":"https://europeantissue.com/es/"},{"@type":"ListItem","position":2,"name":"Higiene","item":"https://europeantissue.com/es/higiene/"},{"@type":"ListItem","position":3,"name":"Declaración de Consenso &#8211; Secarse las manos: Una parte importante de la higiene"}]},{"@type":"WebSite","@id":"https://europeantissue.com/de/#website","url":"https://europeantissue.com/de/","name":"European Tissue Symposium","description":"","potentialAction":[{"@type":"SearchAction","target":{"@type":"EntryPoint","urlTemplate":"https://europeantissue.com/de/?s={search_term_string}"},"query-input":{"@type":"PropertyValueSpecification","valueRequired":true,"valueName":"search_term_string"}}],"inLanguage":"es"}]}</script>
<!-- / Yoast SEO plugin. -->

Declaración de Consenso de un Grupo de Expertos sobre el Secado Higienico de las Manos

Declaración de Consenso de un Grupo de Expertos sobre el Secado de las Manos. Microbiólogos eminentes revisaron la ciencia en el secado de las manos
